= l - 157. What are the prime factors of p?
5, 31
What are the prime factors of ((-2)/(-8))/((-315948)/(-105312) + -3)?
2, 1097
Let c(r) = 6*r**2 - 12*r - 18. Let b(g) = 13*g - 60. Let o be b(5). What are the prime factors of c(o)?
2, 3
Let j = 571 - 292. Let w = j - -94. Let i = w - 156. List the prime factors of i.
7, 31
Let c(s) = 9562*s + 366. List the prime factors of c(1).
2, 17, 73
Suppose 97 = l - 3*i - 111, 2*i = -5*l + 1142. List the prime factors of l.
2, 113
Suppose 4*k - 1266 = 2*z - 10700, z - 4723 = -4*k. List the prime factors of z.
3, 11, 13
Let b(a) = -a**3 - 6*a**2 + 44*a + 12. Let i be b(-13). What are the prime factors of 3 - -1*(i + -6)?
2, 5, 31
Let q = 1011 + 6393. What are the prime factors of q?
2, 3, 617
Let s be -10*(-4)/(-32)*(-11 + 15). List the prime factors of 1176/3 + 6 + s.
3, 131
Suppose -109 + 112 = -3*v, -2*u + v + 46445 = 0. List the prime factors of u.
2, 17, 683
Suppose -2*l = 11*b - 14*b - 40450, 0 = -2*l - 5*b + 40466. What are the prime factors of (-3)/(-4) + l/208?
2, 7
Let t(z) = 22*z + 34. Let x be t(11). What are the prime factors of (x*8/60)/(10/175)?
2, 7, 23
Let u = -47881 + 69201. What are the prime factors of u?
2, 5, 13, 41
Let y be (-4 - (-44)/8)*10. Let c = y + 7. What are the prime factors of c?
2, 11
What are the prime factors of (28223 - (-3 - (8 + 0))) + -8?
2, 11, 1283
Let q(x) = -21*x - 65. Let h(r) = -11*r - 9. Let y be h(-3). Let k = 17 - y. List the prime factors of q(k).
2, 41
Let x = 45770 + -24609. What are the prime factors of x?
7, 3023
Let k = 133418 - 94548. What are the prime factors of k?
2, 5, 13, 23
Suppose 5*k - 4*j - 631 = 0, 3*k + j = -2*j + 384. Let h = k + -26. What are the prime factors of h?
101
Suppose -3*n + 5298 = 5*a, -a - n + 53 = -1005. Suppose -442 + a = 4*o. What are the prime factors of o?
5, 31
Suppose -45 = -b - 4*b. Suppose -3 = 6*y + b. List the prime factors of (-32)/(-14) + y + 626/14.
3, 5
Let f(w) = -6*w + 65. Let k be f(11). Let a(i) = -158*i - 1. What are the prime factors of a(k)?
157
Let x(z) = 131*z**2 - 315*z - 7. What are the prime factors of x(7)?
7, 601
Suppose 258*d = 257*d - 172. List the prime factors of (-86)/d - 583/(-2).
2, 73
Let y = 7 - -268. Let x be (-2)/27 - (-7934)/(-54). Let q = x + y. What are the prime factors of q?
2
Let f be -3*12*(-1 + 2). Let y = -75 - f. Let b = 54 + y. List the prime factors of b.
3, 5
Suppose -5*k = k - 48. Suppose -489 = -5*w + k*w. Let q = 363 + w. List the prime factors of q.
2, 5
Suppose -2*i + 48420 + 159048 = 7*i. List the prime factors of i.
2, 3, 17, 113
Let l(u) = -2*u - 46. Let z be (140/(-30))/((-4)/(-18)). Let d be l(z). List the prime factors of d*9/(45/(-170)).
2, 17
Let y be 0/(-2) - 15/3. Let v(m) = -73*m + 13*m + 20*m - 22 + 15*m + 16*m. List the prime factors of v(y).
23
Let i(s) = 9*s**2 - 3*s - 10. Let o be i(-2). Suppose 0 = 2*r - 5*j - 150, 3*r - 2*j = -r + 316. Let m = r + o. List the prime factors of m.
2, 7
Let z(y) = -15*y - 181. Let w be z(-12). Let u(v) = -640*v**3 + 11*v**2 + 11*v + 1. List the prime factors of u(w).
641
Suppose -2*y + s = -y - 80, 0 = 2*y - 3*s - 158. Suppose y + 58 = 2*i. Let k = 120 - i. List the prime factors of k.
2, 5
Let i(x) = 48*x**2 - 3*x + 3. Let u be i(-4). Let k = u + -363. Suppose 12*b = 8*b + k. List the prime factors of b.
3, 5, 7
Let z(r) = 141*r**3 + 5*r**2 - 23*r - 26. List the prime factors of z(5).
17609
List the prime factors of (-3)/2 + 3660426/252.
2, 3631
Let s = -35 + 38. Let w be (-4)/((-1)/(s/4)). Suppose 0 = 2*b - 0*b - 5*k - 71, -w*b - 3*k = -138. List the prime factors of b.
43
Let m be (-6)/((-10)/(-5) + -4). Suppose 9*z + 18 = 18*z. Suppose -z + 5 = m*p, 5*a - 4*p = 166. What are the prime factors of a?
2, 17
Let j(b) = -3*b + 1 + 2 + 9 - b. Let y be j(2). Suppose 0 = y*u - 243 - 269. List the prime factors of u.
2
Let i(h) = 185*h**3 - 36*h**2 + 225*h - 11. List the prime factors of i(6).
109, 367
Suppose -2*c + 216 = 3*a - c, 3*a = -5*c + 216. Suppose k + 5*k + a = 0. What are the prime factors of ((-6)/k + -1)*(-189 + 1)?
2, 47
Let v = 8524 + -2839. List the prime factors of v.
3, 5, 379
What are the prime factors of (-10 + 0)*5427/(-18)?
3, 5, 67
What are the prime factors of (1*((-177)/(-9) - 6))/((-5)/(-13245))?
41, 883
Suppose 0 = 3*t - 27*y + 25*y - 57019, y + 38014 = 2*t. List the prime factors of t.
19009
Let z(k) = -2 + 5 + 4*k**2 - 34 - k. List the prime factors of z(16).
977
Let q = 31428 + -17882. What are the prime factors of q?
2, 13, 521
Let b be 5/10*-38 - -7. Let v(p) = 3*p**2 - 33*p - 186. What are the prime factors of v(b)?
2, 3, 107
Suppose -15*b + 10*b + 16995 = 3*m, 0 = -3*m + 2*b + 16953. What are the prime factors of m?
3, 5, 13, 29
Let g = -55 + 92. Suppose 36*b - g*b + 10 = 0. Suppose -5*a - 190 = -b*a. List the prime factors of a.
2, 19
Let l(z) = -13*z**3 + 7*z**2 + 7*z - 7. Let m be l(-3). Let a = m + -116. Suppose -24 - a = -6*k. List the prime factors of k.
7
Let u(o) = 7*o**2 + o - 79. Let b(s) = s**2 - s + 1. Let x(f) = -4*b(f) + u(f). List the prime factors of x(-11).
3, 5
Let y = 1237 + -877. List the prime factors of (y/25 - 2)/((-1)/(-40)).
2, 31
Let t(v) = v**3 - 12*v**2 + 27*v - 5. Let a be t(9). Let u(p) = 1 + 7 - 12*p + 3 + 2*p. What are the prime factors of u(a)?
61
Let i = 44 + -43. Let o be (0 + i)/((-3)/(-201)). Let k = -18 + o. List the prime factors of k.
7
Let f be (-170)/(-30)*(2 + 121). Suppose -p - 384 - 560 = -4*w, -3*w = 2*p - f. What are the prime factors of w?
5, 47
Let z = 23 - 17. Suppose -z*c = 132 - 456. Let k = c - -11. List the prime factors of k.
5, 13
What are the prime factors of (18/(-21))/((-40)/(-84910))*(3 - 9)?
3, 1213
Let y(z) = 16*z - z**2 + 2*z**3 + 13*z - 11*z - 11*z**2 + 17. What are the prime factors of y(6)?
5
Suppose 16*z = 7*z - 108. Let j be ((-4)/6)/((-2)/z). List the prime factors of 3/(j - -6 - 146/76).
2, 19
Suppose -212*p - 2055 = -207*p. Let v = p + 685. What are the prime factors of v?
2, 137
Let h(f) be the third derivative of -5*f**4/8 + 22*f**3/3 + 35*f**2. List the prime factors of h(-9).
179
What are the prime factors of (-20)/4 + (-50533)/(-7)?
2, 3607
Let i = 73 + -70. List the prime factors of -60*(3 + (i - 7)).
2, 3, 5
What are the prime factors of (0 + (-7)/(-3) - (-9486)/54)*12?
2, 3, 89
Suppose -18*q - 62919 = -335349. List the prime factors of q.
3, 5, 1009
Suppose 677742 = -3067*u + 3080*u. List the prime factors of u.
2, 3, 8689
Let j(h) = -h**2 - 16*h - 28. Let o be j(-2). Let b(i) = -i**3 - i + 1526. List the prime factors of b(o).
2, 7, 109
Let h(x) = -238*x + 1668. List the prime factors of h(-3).
2, 3, 397
Let k(v) = 3*v**2 - v + 2. Let c be k(1). Suppose i = -c, -28 = -w + 4*i + 11. Suppose -2*z + 55 = 5*r, 37 = 5*z - 3*r - w. List the prime factors of z.
3, 5
Suppose -356*f - 808876 = -369*f - 254738. List the prime factors of f.
2, 21313
Suppose -d = 1, -3*j = -6*j - 2*d + 3985. Suppose j = 7*a - 1975. What are the prime factors of a?
2, 59
Let g(i) = i + 17. Let c be g(-6). Let q(s) = 3*s - 3*s - 10*s**2 + 0*s**2 - 5*s + 14 + s**3. What are the prime factors of q(c)?
2, 5
Let u = 925 - 933. List the prime factors of (-2016)/(56/u) + 9.
3, 11
Let x = -2456 + 2416. Suppose 6 = -6*f + 3*f. Let b = f - x. List the prime factors of b.
2, 19
Suppose 2*t - 6420 = m - 45935, 2*t - 39535 = -m. List the prime factors of m.
3, 5, 17, 31
Let n = 375 + -390. Let a(b) = -12*b + 172. What are the prime factors of a(n)?
2, 11
Let x(i) = -193*i - 7557. What are the prime factors of x(-154)?
5, 11, 13, 31
Let f be 22/8 + (-8)/(-32). Let s(l) = 25 - 21*l**2 + 26*l**2 + f*l - 3. List the prime factors of s(-5).
2, 3, 11
Suppose 23*r - 142 = -48*r. Suppose -h + 71 = -69. Suppose -2*t + r*k = -282, 2*t - h = t + 2*k. List the prime factors of t.
2, 71
Let y = -146 + 96. Let z = 50 + y. Suppose z*f - 5*p = 4*f - 392, 202 = 2*f + p. List the prime factors of f.
103
Let t be (-29)/145 + 18/(-10). Let v(z) = -2*z - 8. Let l be v(t). What are the prime factors of 1 - -4 - 268/l?
2, 3
Let s = 65196 + -36716. What are the prime factors of s?
2, 5, 89
Let k = 1229 + -704. Let x = k - 1977. What are the prime factors of 6/(-16) - x/32?
3, 5
Let f(s) = 2*s + 1. Let c be f(2). Let n(w) be the first derivative of 3*w**4/4 - 14*w**3/3 + w**2